{"id":2372,"date":"2021-12-16T16:00:07","date_gmt":"2021-12-16T15:00:07","guid":{"rendered":"https:\/\/odyssey.education\/membre\/younes-slaoui\/"},"modified":"2024-07-31T16:00:31","modified_gmt":"2024-07-31T14:00:31","slug":"younes-slaoui","status":"publish","type":"membre","link":"https:\/\/odyssey.education\/en\/membre\/younes-slaoui\/","title":{"rendered":"Younes Slaoui"},"content":{"rendered":"<div class=\"mediumheader mediumheader--nocolor\" id=\"bloc_medium_header1\">\n<div class=\"container\">\n<div class=\"d-flex align-items-center\">\n\t\t\t<img decoding=\"async\" class=\"img-fluid\" src=\"https:\/\/odyssey.education\/wp-content\/uploads\/2024\/07\/Younes-Slaoui-1-Carre-420x420.jpg\" width=\"420\" height=\"420\" alt=\"Younes Slaoui\"><\/p>\n<div>\n\t\t\t\t<strong>Younes Slaoui<\/strong><br \/>\n\t\t\t\t<span>Executive Director of Odyssey Maroc<\/span>\n\t\t\t<\/div>\n<\/p><\/div>\n<\/p><\/div>\n<\/div>\n<div class=\"bloctext bloctext--nocolor bloctext--haspattern\" id=\"bloc_6_2\">\n<div class=\"container\">\n<div class=\"row\">\n<div class=\"col-12 col-lg-4 col-xl-3 mb-1\">\n<h2><span>BIOGRAPHY<\/span><\/h2>\n<\/p><\/div>\n<div class=\"col-12 col-lg-8 col-xl-9\">\n<div class=\"text pl-lg-4\">\n<p>A specialist in educational strategy and management, Younes is Vice President and co-founder of the Odyssey group, and Managing Director of the \u00c9cole Fran\u00e7aise Internationale de Casablanca. He is notably in charge of the establishment and acquisition of schools and real estate for the Odyssey group.<\/p>\n<p>Younes Slaoui was a strategy consultant at the international company Roland Berger, and later part of the strategic management team of the Attijariwafa Bank Group.<\/p>\n<p>At the same time, he taught in management schools.<\/p>\n<p>Younes is also a director of Al Amana Microfinance;<\/p>\n<p><strong>A graduate of EM Lyon and former student of the ENA, he is President of the Moroccan Association of Former Students of ENA.<\/strong><\/p>\n<\/p><\/div>\n<\/p><\/div>\n<\/p><\/div>\n<\/p><\/div>\n<\/div>\n<div class=\"blocinfo blocinfo--color1\" id=\"bloc_10_3\">\n<div class=\"container\">\n<div class=\"row\">\n<div class=\"col-12 col-md-6\">\n<h2><span>Do you need further information?<\/span><\/h2>\n<p>We\u2019re always available to help you find the best school for your child.<\/p>\n<p>\t\t\t\t<!-- Changer la classe de couleur du bouton en fonction de la couleur g\u00e9n\u00e9rale du bloc --><\/p>\n<div class=\"bloc_cta\" >\n\t<a href=\"https:\/\/odyssey.education\/en\/contact-us\/\" title=\"Contact us\" target=\"\" class=\"mr-3 btn btn--color1\" rel=\"noopener\">Contact us<\/a> \t\t\t\t<\/div>\n<\/p><\/div>\n<\/p><\/div>\n<\/p><\/div>\n<\/div>\n","protected":false},"featured_media":0,"template":"","typologie":[99],"class_list":["post-2372","membre","type-membre","status-publish","hentry","typologie-the-management-team"],"acf":[],"yoast_head":"<!-- This site is optimized with the Yoast SEO plugin v27.4 - https:\/\/yoast.com\/product\/yoast-seo-wordpress\/ -->\n<title>Youn\u00e8s Slaoui | Gouvernance - Odyssey<\/title>\n<meta name=\"description\" content=\"Vice-pr\u00e9sident. Sp\u00e9cialiste en strat\u00e9gie et management \u00e9ducatif, Youn\u00e8s Slaoui est co-fondateur du groupe Odyssey...\" \/>\n<meta name=\"robots\" content=\"index, follow, max-snippet:-1, max-image-preview:large, max-video-preview:-1\" \/>\n<link rel=\"canonical\" href=\"https:\/\/odyssey.education\/en\/membre\/younes-slaoui\/\" \/>\n<meta property=\"og:locale\" content=\"en_US\" \/>\n<meta property=\"og:type\" content=\"article\" \/>\n<meta property=\"og:title\" content=\"Youn\u00e8s Slaoui | Gouvernance - Odyssey\" \/>\n<meta property=\"og:description\" content=\"Vice-pr\u00e9sident. Sp\u00e9cialiste en strat\u00e9gie et management \u00e9ducatif, Youn\u00e8s Slaoui est co-fondateur du groupe Odyssey...\" \/>\n<meta property=\"og:url\" content=\"https:\/\/odyssey.education\/en\/membre\/younes-slaoui\/\" \/>\n<meta property=\"og:site_name\" content=\"ODYSSEY\" \/>\n<meta property=\"article:modified_time\" content=\"2024-07-31T14:00:31+00:00\" \/>\n<meta property=\"og:image\" content=\"https:\/\/odyssey.education\/wp-content\/uploads\/2024\/07\/Younes-Slaoui-1-Carre-420x420.jpg\" \/>\n<meta name=\"twitter:card\" content=\"summary_large_image\" \/>\n<meta name=\"twitter:label1\" content=\"Est. reading time\" \/>\n\t<meta name=\"twitter:data1\" content=\"3 minutes\" \/>\n<script type=\"application\/ld+json\" class=\"yoast-schema-graph\">{\"@context\":\"https:\\\/\\\/schema.org\",\"@graph\":[{\"@type\":\"WebPage\",\"@id\":\"https:\\\/\\\/odyssey.education\\\/en\\\/membre\\\/younes-slaoui\\\/\",\"url\":\"https:\\\/\\\/odyssey.education\\\/en\\\/membre\\\/younes-slaoui\\\/\",\"name\":\"Youn\u00e8s Slaoui | Gouvernance - Odyssey\",\"isPartOf\":{\"@id\":\"https:\\\/\\\/odyssey.education\\\/#website\"},\"primaryImageOfPage\":{\"@id\":\"https:\\\/\\\/odyssey.education\\\/en\\\/membre\\\/younes-slaoui\\\/#primaryimage\"},\"image\":{\"@id\":\"https:\\\/\\\/odyssey.education\\\/en\\\/membre\\\/younes-slaoui\\\/#primaryimage\"},\"thumbnailUrl\":\"https:\\\/\\\/odyssey.education\\\/wp-content\\\/uploads\\\/2024\\\/07\\\/Younes-Slaoui-1-Carre-420x420.jpg\",\"datePublished\":\"2021-12-16T15:00:07+00:00\",\"dateModified\":\"2024-07-31T14:00:31+00:00\",\"description\":\"Vice-pr\u00e9sident. Sp\u00e9cialiste en strat\u00e9gie et management \u00e9ducatif, Youn\u00e8s Slaoui est co-fondateur du groupe Odyssey...\",\"breadcrumb\":{\"@id\":\"https:\\\/\\\/odyssey.education\\\/en\\\/membre\\\/younes-slaoui\\\/#breadcrumb\"},\"inLanguage\":\"en-US\",\"potentialAction\":[{\"@type\":\"ReadAction\",\"target\":[\"https:\\\/\\\/odyssey.education\\\/en\\\/membre\\\/younes-slaoui\\\/\"]}]},{\"@type\":\"ImageObject\",\"inLanguage\":\"en-US\",\"@id\":\"https:\\\/\\\/odyssey.education\\\/en\\\/membre\\\/younes-slaoui\\\/#primaryimage\",\"url\":\"https:\\\/\\\/odyssey.education\\\/wp-content\\\/uploads\\\/2024\\\/07\\\/Younes-Slaoui-1-Carre-420x420.jpg\",\"contentUrl\":\"https:\\\/\\\/odyssey.education\\\/wp-content\\\/uploads\\\/2024\\\/07\\\/Younes-Slaoui-1-Carre-420x420.jpg\"},{\"@type\":\"BreadcrumbList\",\"@id\":\"https:\\\/\\\/odyssey.education\\\/en\\\/membre\\\/younes-slaoui\\\/#breadcrumb\",\"itemListElement\":[{\"@type\":\"ListItem\",\"position\":1,\"name\":\"Accueil\",\"item\":\"https:\\\/\\\/odyssey.education\\\/en\\\/\"},{\"@type\":\"ListItem\",\"position\":2,\"name\":\"Younes Slaoui\"}]},{\"@type\":\"WebSite\",\"@id\":\"https:\\\/\\\/odyssey.education\\\/#website\",\"url\":\"https:\\\/\\\/odyssey.education\\\/\",\"name\":\"ODYSSEY\",\"description\":\"Lyc\u00e9es fran\u00e7ais, International Education\",\"publisher\":{\"@id\":\"https:\\\/\\\/odyssey.education\\\/#organization\"},\"potentialAction\":[{\"@type\":\"SearchAction\",\"target\":{\"@type\":\"EntryPoint\",\"urlTemplate\":\"https:\\\/\\\/odyssey.education\\\/?s={search_term_string}\"},\"query-input\":{\"@type\":\"PropertyValueSpecification\",\"valueRequired\":true,\"valueName\":\"search_term_string\"}}],\"inLanguage\":\"en-US\"},{\"@type\":\"Organization\",\"@id\":\"https:\\\/\\\/odyssey.education\\\/#organization\",\"name\":\"Odyssey\",\"url\":\"https:\\\/\\\/odyssey.education\\\/\",\"logo\":{\"@type\":\"ImageObject\",\"inLanguage\":\"en-US\",\"@id\":\"https:\\\/\\\/odyssey.education\\\/#\\\/schema\\\/logo\\\/image\\\/\",\"url\":\"https:\\\/\\\/odyssey.education\\\/wp-content\\\/uploads\\\/2022\\\/01\\\/logo-2.png\",\"contentUrl\":\"https:\\\/\\\/odyssey.education\\\/wp-content\\\/uploads\\\/2022\\\/01\\\/logo-2.png\",\"width\":278,\"height\":101,\"caption\":\"Odyssey\"},\"image\":{\"@id\":\"https:\\\/\\\/odyssey.education\\\/#\\\/schema\\\/logo\\\/image\\\/\"},\"sameAs\":[\"https:\\\/\\\/www.linkedin.com\\\/company\\\/odyssey-international-sas\\\/\"]}]}<\/script>\n<!-- \/ Yoast SEO plugin. -->","yoast_head_json":{"title":"Youn\u00e8s Slaoui | Gouvernance - Odyssey","description":"Vice-pr\u00e9sident. Sp\u00e9cialiste en strat\u00e9gie et management \u00e9ducatif, Youn\u00e8s Slaoui est co-fondateur du groupe Odyssey...","robots":{"index":"index","follow":"follow","max-snippet":"max-snippet:-1","max-image-preview":"max-image-preview:large","max-video-preview":"max-video-preview:-1"},"canonical":"https:\/\/odyssey.education\/en\/membre\/younes-slaoui\/","og_locale":"en_US","og_type":"article","og_title":"Youn\u00e8s Slaoui | Gouvernance - Odyssey","og_description":"Vice-pr\u00e9sident. Sp\u00e9cialiste en strat\u00e9gie et management \u00e9ducatif, Youn\u00e8s Slaoui est co-fondateur du groupe Odyssey...","og_url":"https:\/\/odyssey.education\/en\/membre\/younes-slaoui\/","og_site_name":"ODYSSEY","article_modified_time":"2024-07-31T14:00:31+00:00","og_image":[{"url":"https:\/\/odyssey.education\/wp-content\/uploads\/2024\/07\/Younes-Slaoui-1-Carre-420x420.jpg","type":"","width":"","height":""}],"twitter_card":"summary_large_image","twitter_misc":{"Est. reading time":"3 minutes"},"schema":{"@context":"https:\/\/schema.org","@graph":[{"@type":"WebPage","@id":"https:\/\/odyssey.education\/en\/membre\/younes-slaoui\/","url":"https:\/\/odyssey.education\/en\/membre\/younes-slaoui\/","name":"Youn\u00e8s Slaoui | Gouvernance - Odyssey","isPartOf":{"@id":"https:\/\/odyssey.education\/#website"},"primaryImageOfPage":{"@id":"https:\/\/odyssey.education\/en\/membre\/younes-slaoui\/#primaryimage"},"image":{"@id":"https:\/\/odyssey.education\/en\/membre\/younes-slaoui\/#primaryimage"},"thumbnailUrl":"https:\/\/odyssey.education\/wp-content\/uploads\/2024\/07\/Younes-Slaoui-1-Carre-420x420.jpg","datePublished":"2021-12-16T15:00:07+00:00","dateModified":"2024-07-31T14:00:31+00:00","description":"Vice-pr\u00e9sident. Sp\u00e9cialiste en strat\u00e9gie et management \u00e9ducatif, Youn\u00e8s Slaoui est co-fondateur du groupe Odyssey...","breadcrumb":{"@id":"https:\/\/odyssey.education\/en\/membre\/younes-slaoui\/#breadcrumb"},"inLanguage":"en-US","potentialAction":[{"@type":"ReadAction","target":["https:\/\/odyssey.education\/en\/membre\/younes-slaoui\/"]}]},{"@type":"ImageObject","inLanguage":"en-US","@id":"https:\/\/odyssey.education\/en\/membre\/younes-slaoui\/#primaryimage","url":"https:\/\/odyssey.education\/wp-content\/uploads\/2024\/07\/Younes-Slaoui-1-Carre-420x420.jpg","contentUrl":"https:\/\/odyssey.education\/wp-content\/uploads\/2024\/07\/Younes-Slaoui-1-Carre-420x420.jpg"},{"@type":"BreadcrumbList","@id":"https:\/\/odyssey.education\/en\/membre\/younes-slaoui\/#breadcrumb","itemListElement":[{"@type":"ListItem","position":1,"name":"Accueil","item":"https:\/\/odyssey.education\/en\/"},{"@type":"ListItem","position":2,"name":"Younes Slaoui"}]},{"@type":"WebSite","@id":"https:\/\/odyssey.education\/#website","url":"https:\/\/odyssey.education\/","name":"ODYSSEY","description":"Lyc\u00e9es fran\u00e7ais, International Education","publisher":{"@id":"https:\/\/odyssey.education\/#organization"},"potentialAction":[{"@type":"SearchAction","target":{"@type":"EntryPoint","urlTemplate":"https:\/\/odyssey.education\/?s={search_term_string}"},"query-input":{"@type":"PropertyValueSpecification","valueRequired":true,"valueName":"search_term_string"}}],"inLanguage":"en-US"},{"@type":"Organization","@id":"https:\/\/odyssey.education\/#organization","name":"Odyssey","url":"https:\/\/odyssey.education\/","logo":{"@type":"ImageObject","inLanguage":"en-US","@id":"https:\/\/odyssey.education\/#\/schema\/logo\/image\/","url":"https:\/\/odyssey.education\/wp-content\/uploads\/2022\/01\/logo-2.png","contentUrl":"https:\/\/odyssey.education\/wp-content\/uploads\/2022\/01\/logo-2.png","width":278,"height":101,"caption":"Odyssey"},"image":{"@id":"https:\/\/odyssey.education\/#\/schema\/logo\/image\/"},"sameAs":["https:\/\/www.linkedin.com\/company\/odyssey-international-sas\/"]}]}},"_links":{"self":[{"href":"https:\/\/odyssey.education\/en\/wp-json\/wp\/v2\/membre\/2372","targetHints":{"allow":["GET"]}}],"collection":[{"href":"https:\/\/odyssey.education\/en\/wp-json\/wp\/v2\/membre"}],"about":[{"href":"https:\/\/odyssey.education\/en\/wp-json\/wp\/v2\/types\/membre"}],"wp:attachment":[{"href":"https:\/\/odyssey.education\/en\/wp-json\/wp\/v2\/media?parent=2372"}],"wp:term":[{"taxonomy":"typologie","embeddable":true,"href":"https:\/\/odyssey.education\/en\/wp-json\/wp\/v2\/typologie?post=2372"}],"curies":[{"name":"wp","href":"https:\/\/api.w.org\/{rel}","templated":true}]}}

<div class="mediumheader mediumheader--nocolor" id="bloc_medium_header1">
<div class="container">
<div class="d-flex align-items-center">
			<img decoding="async" class="img-fluid" src="https://odyssey.education/wp-content/uploads/2024/07/Younes-Slaoui-1-Carre-420x420.jpg" width="420" height="420" alt="Younes Slaoui"></p>
<div>
				<strong>Younes Slaoui</strong><br />
				<span>Executive Director of Odyssey Maroc</span>
			</div>
</p></div>
</p></div>
</div>
<div class="bloctext bloctext--nocolor bloctext--haspattern" id="bloc_6_2">
<div class="container">
<div class="row">
<div class="col-12 col-lg-4 col-xl-3 mb-1">
<h2><span>BIOGRAPHY</span></h2>
</p></div>
<div class="col-12 col-lg-8 col-xl-9">
<div class="text pl-lg-4">
<p>A specialist in educational strategy and management, Younes is Vice President and co-founder of the Odyssey group, and Managing Director of the École Française Internationale de Casablanca. He is notably in charge of the establishment and acquisition of schools and real estate for the Odyssey group.</p>
<p>Younes Slaoui was a strategy consultant at the international company Roland Berger, and later part of the strategic management team of the Attijariwafa Bank Group.</p>
<p>At the same time, he taught in management schools.</p>
<p>Younes is also a director of Al Amana Microfinance;</p>
<p><strong>A graduate of EM Lyon and former student of the ENA, he is President of the Moroccan Association of Former Students of ENA.</strong></p>
</p></div>
</p></div>
</p></div>
</p></div>
</div>
<div class="blocinfo blocinfo--color1" id="bloc_10_3">
<div class="container">
<div class="row">
<div class="col-12 col-md-6">
<h2><span>Do you need further information?</span></h2>
<p>We’re always available to help you find the best school for your child.</p>
<p>				<!-- Changer la classe de couleur du bouton en fonction de la couleur générale du bloc --></p>
<div class="bloc_cta" >
	<a href="https://odyssey.education/en/contact-us/" title="Contact us" target="" class="mr-3 btn btn--color1" rel="noopener">Contact us</a> 				</div>
</p></div>
</p></div>
</p></div>
</div>

<!-- This site is optimized with the Yoast SEO plugin v27.4 - https://yoast.com/product/yoast-seo-wordpress/ -->
<title>Younès Slaoui | Gouvernance - Odyssey</title>
<meta name="description" content="Vice-président. Spécialiste en stratégie et management éducatif, Younès Slaoui est co-fondateur du groupe Odyssey..." />
<meta name="robots" content="index, follow, max-snippet:-1, max-image-preview:large, max-video-preview:-1" />
<link rel="canonical" href="https://odyssey.education/en/membre/younes-slaoui/" />
<meta property="og:locale" content="en_US" />
<meta property="og:type" content="article" />
<meta property="og:title" content="Younès Slaoui | Gouvernance - Odyssey" />
<meta property="og:description" content="Vice-président. Spécialiste en stratégie et management éducatif, Younès Slaoui est co-fondateur du groupe Odyssey..." />
<meta property="og:url" content="https://odyssey.education/en/membre/younes-slaoui/" />
<meta property="og:site_name" content="ODYSSEY" />
<meta property="article:modified_time" content="2024-07-31T14:00:31+00:00" />
<meta property="og:image" content="https://odyssey.education/wp-content/uploads/2024/07/Younes-Slaoui-1-Carre-420x420.jpg" />
<meta name="twitter:card" content="summary_large_image" />
<meta name="twitter:label1" content="Est. reading time" />
	<meta name="twitter:data1" content="3 minutes" />
<script type="application/ld+json" class="yoast-schema-graph">{"@context":"https:\/\/schema.org","@graph":[{"@type":"WebPage","@id":"https:\/\/odyssey.education\/en\/membre\/younes-slaoui\/","url":"https:\/\/odyssey.education\/en\/membre\/younes-slaoui\/","name":"Younès Slaoui | Gouvernance - Odyssey","isPartOf":{"@id":"https:\/\/odyssey.education\/#website"},"primaryImageOfPage":{"@id":"https:\/\/odyssey.education\/en\/membre\/younes-slaoui\/#primaryimage"},"image":{"@id":"https:\/\/odyssey.education\/en\/membre\/younes-slaoui\/#primaryimage"},"thumbnailUrl":"https:\/\/odyssey.education\/wp-content\/uploads\/2024\/07\/Younes-Slaoui-1-Carre-420x420.jpg","datePublished":"2021-12-16T15:00:07+00:00","dateModified":"2024-07-31T14:00:31+00:00","description":"Vice-président. Spécialiste en stratégie et management éducatif, Younès Slaoui est co-fondateur du groupe Odyssey...","breadcrumb":{"@id":"https:\/\/odyssey.education\/en\/membre\/younes-slaoui\/#breadcrumb"},"inLanguage":"en-US","potentialAction":[{"@type":"ReadAction","target":["https:\/\/odyssey.education\/en\/membre\/younes-slaoui\/"]}]},{"@type":"ImageObject","inLanguage":"en-US","@id":"https:\/\/odyssey.education\/en\/membre\/younes-slaoui\/#primaryimage","url":"https:\/\/odyssey.education\/wp-content\/uploads\/2024\/07\/Younes-Slaoui-1-Carre-420x420.jpg","contentUrl":"https:\/\/odyssey.education\/wp-content\/uploads\/2024\/07\/Younes-Slaoui-1-Carre-420x420.jpg"},{"@type":"BreadcrumbList","@id":"https:\/\/odyssey.education\/en\/membre\/younes-slaoui\/#breadcrumb","itemListElement":[{"@type":"ListItem","position":1,"name":"Accueil","item":"https:\/\/odyssey.education\/en\/"},{"@type":"ListItem","position":2,"name":"Younes Slaoui"}]},{"@type":"WebSite","@id":"https:\/\/odyssey.education\/#website","url":"https:\/\/odyssey.education\/","name":"ODYSSEY","description":"Lycées français, International Education","publisher":{"@id":"https:\/\/odyssey.education\/#organization"},"potentialAction":[{"@type":"SearchAction","target":{"@type":"EntryPoint","urlTemplate":"https:\/\/odyssey.education\/?s={search_term_string}"},"query-input":{"@type":"PropertyValueSpecification","valueRequired":true,"valueName":"search_term_string"}}],"inLanguage":"en-US"},{"@type":"Organization","@id":"https:\/\/odyssey.education\/#organization","name":"Odyssey","url":"https:\/\/odyssey.education\/","logo":{"@type":"ImageObject","inLanguage":"en-US","@id":"https:\/\/odyssey.education\/#\/schema\/logo\/image\/","url":"https:\/\/odyssey.education\/wp-content\/uploads\/2022\/01\/logo-2.png","contentUrl":"https:\/\/odyssey.education\/wp-content\/uploads\/2022\/01\/logo-2.png","width":278,"height":101,"caption":"Odyssey"},"image":{"@id":"https:\/\/odyssey.education\/#\/schema\/logo\/image\/"},"sameAs":["https:\/\/www.linkedin.com\/company\/odyssey-international-sas\/"]}]}</script>
<!-- / Yoast SEO plugin. -->

Younès Slaoui | Gouvernance - Odyssey

Vice-président. Spécialiste en stratégie et management éducatif, Younès Slaoui est co-fondateur du groupe Odyssey...

Lycées français, International Education
